5) is divided by 5.
3
Calculate the remainder when (-2)/(3336956/278082 - 12) is divided by 43.
40
Let z(c) = -94*c - 3651. What is the remainder when z(-129) is divided by 49?
47
Suppose 5*o - 83 = 3*r + 802, 5*o - 925 = -5*r. Calculate the remainder when 61 is divided by o/8*((-16)/10)/(-2).
7
Suppose -1031 = -29*o + 2420. What is the remainder when o is divided by 61?
58
Suppose 28749 = -8*g + 15*g - 26285. Calculate the remainder when g is divided by 28.
22
Suppose 46*z - 12*z - 19448 = -109*z. Calculate the remainder when 443 is divided by z.
35
Let r(f) = 74*f + 47. What is the remainder when 732 is divided by r(1)?
6
Let g(o) = -5*o**2 + 413*o - 114. What is the remainder when g(80) is divided by 43?
23
Let z be 2*-1 - 2*6. Let v = z - -25. Let n = -65 - -102. What is the remainder when n is divided by v?
4
Suppose -4*d + k + 22 = 0, 0 = 5*d + 2300*k - 2302*k - 26. Let s = -149 - -232. Suppose d*h + s = 377. What is the remainder when 97 is divided by h?
48
Suppose 0 = 55*j - 60*j + p + 31249, -4*j - p = -25010. What is the remainder when j is divided by 118?
115
Let i(g) = -26*g - 1424. Calculate the remainder when i(-60) is divided by 48.
40
Let r(b) = b**3 - 7*b**2 + 4*b + 18. Suppose -a = 2*i - 425, 1065 = 5*i - 27*a + 29*a. Calculate the remainder when i is divided by r(7).
31
Suppose -3*i - 36 + 24 = 0, -3*i = q - 193. Let z(n) = 3*n**3 - 2*n - 1. What is the remainder when q is divided by z(2)?
15
Let b = 729 - 677. What is the remainder when 1657 is divided by b?
45
Let w(l) = -l**3 - 22*l**2 + 16*l - 12. Let b be w(-8). Let t = -587 - b. What is the remainder when t is divided by 41?
39
Suppose -65 = -2*j + 37. Suppose 0 = -48*z + 8*z + 120. Calculate the remainder when j is divided by z.
0
Let n = 3659 - 3629. What is the remainder when 1169 is divided by n?
29
Let i = 3611 + -3342. What is the remainder when i is divided by 46?
39
Suppose 5*d - 15*d + 148 + 432 = 0. Calculate the remainder when 330 is divided by d.
40
Suppose 0 = 30*x - 9318 + 18. Let o = x + -145. Calculate the remainder when o is divided by 56.
53
Suppose -t + 2*t - 19 = -3*m, 8 = 2*t. Suppose m*l + 11 = 31. Suppose 5*g + f - 433 = 0, 21 - 274 = -3*g - l*f. What is the remainder when g is divided by 44?
43
Let z(w) = w**2 + 2*w - 4. Suppose 0 = -29*i + 24*i + y + 3749, -1495 = -2*i + 5*y. Let k = -554 + i. What is the remainder when k is divided by z(3)?
9
Calculate the remainder when (16/12)/(975/486 - 2) is divided by 61.
33
Let g = -597 - -662. Suppose 0 = 3*h + h - 24. Suppose p + g = h*p. Calculate the remainder when 25 is divided by p.
12
Let q(n) = 60*n**3 - n**2 + 32*n - 33. What is the remainder when 2429 is divided by q(1)?
51
Suppose -4*r + 534 = -m, 213 = r - 7*m + 20*m. Calculate the remainder when r is divided by 72.
63
Let w(o) = o**2 + 5*o - 4. Let b be w(-7). Let g = -50 - -117. What is the remainder when g is divided by ((-136)/10)/(b/(-25))?
33
Let u = -140 + 155. Suppose 0 = -3*k - 15, -2*k = 3*z + k + 15. Suppose z = -3*p - 8 + 134. What is the remainder when p is divided by u?
12
Let k(f) = -f**3 - 74*f**2 - 473*f - 251. Let g(a) = -a**3 + 6*a**2 + 5*a + 2. What is the remainder when g(6) is divided by k(-67)?
15
Let o be 0 + -2 - 8/(-1). Let u = o - -48. Let c(s) = s**3 + 81*s**2 + 453*s + 253. Calculate the remainder when u is divided by c(-75).
26
Suppose 21*l - 1975 = -358. Suppose -29 = 3*u + 7. Calculate the remainder when l is divided by (-652)/(-24) + 2/u.
23
Let o(n) = -316*n - 326. What is the remainder when o(-2) is divided by 9?
0
Let o(d) be the first derivative of -d**3/3 - 15*d**2/2 - 42*d - 12. Let f be o(-11). Suppose 5*n = 3 + f. Calculate the remainder when 17 is divided by n.
0
Let p(y) = -7*y + 53. Let j be (-42)/(-8) - (-3)/4. Calculate the remainder when p(j) is divided by 11.
0
Let g(v) = v. Let y = 25 - 22. Suppose -5*l + 2*l + 30 = -y*n, -2*l = -4*n - 30. What is the remainder when 22 is divided by g(l)?
2
What is the remainder when (-3 - -10) + 173 + (10 - 3) is divided by 93?
1
Suppose 0 = -l - 5*y + 22 + 2, 4*l - 186 = -2*y. What is the remainder when l is divided by -13*(-21)/(-294)*-28?
23
Suppose -6*c = -163 - 959. Let g = c - 108. What is the remainder when g is divided by (-2 - 1) + 8 + 3?
7
Suppose 53*q - 190 = 51*q. Let b be 55695/18 - 7/42. What is the remainder when q is divided by b/98 - (-3)/7?
31
Let f(a) = -1169*a - 1141. What is the remainder when f(-2) is divided by 30?
27
Calculate the remainder when (-13)/((-637)/(-84))*-238*2*1 is divided by 43.
42
Suppose -3*z = 3*t - 3, 3*z + 17 - 25 = 2*t. What is the remainder when 27 - ((-8 - (-5 - t)) + 0) is divided by 11?
9
Let w(f) = -21*f - 67. Let b be w(-12). Let r = -175 + b. Calculate the remainder when 22 is divided by r.
2
Let u = -12473 - -12661. What is the remainder when 678 is divided by u?
114
Suppose s + 2812 = 4*v, -2*v = -s - 410 - 994. What is the remainder when v is divided by 59?
55
Let j(y) = y**2 - 35*y - 1955. What is the remainder when 380 is divided by j(66)?
16
Suppose 8*y + 9 = 33. Let w be (3/y)/((-2)/(-10)). Suppose 5*a - w*m - 65 = 0, -2*a = -3*m - 25 - 2. What is the remainder when a is divided by 5?
2
Suppose -3*j + a - 76 = 0, -4*j + j - 79 = -4*a. Let n = 349 - 230. Let i = n + j. What is the remainder when i is divided by 24?
22
Let b = 342 - 338. Let c be (1/(-2))/(1/(-10)). Suppose 4*r = -4*a + 109 + 355, -b*r - c*a = -461. Calculate the remainder when r is divided by 12.
11
Let h(x) = -26*x**3 - 30*x**2 - 57*x + 10. What is the remainder when 6356 is divided by h(-2)?
208
Suppose 84 = -5*j - 31. Let k = 487 + -490. Calculate the remainder when 42 is divided by 3 + (k - (j + -2)).
17
Let g(u) be the second derivative of -3*u**3 + 15*u**2/2 - 6*u. Let x be g(4). Let v = 62 + x. Calculate the remainder when 12 is divided by v.
2
Let g(l) = 45*l + 423. What is the remainder when 246/1 + (-4 - -7) is divided by g(-8)?
60
Let d = -34 - -38. Let o be 10 - (d - 2 - 4). What is the remainder when 164/o + (-8)/12 is divided by 9?
4
Suppose -2*o + 148 = 2*o. Suppose -80 = 10*f - 2*f. Let w(t) = -3*t - 9. Calculate the remainder when o is divided by w(f).
16
Let b be 0/(1*(-7 + 6)). Suppose b = -25*y + 6*y + 836. Calculate the remainder when y is divided by 2.
0
Suppose -5*q - i = -132 - 275, -4*q + 330 = 3*i. What is the remainder when q is divided by 30/(-2)*(-19)/57?
1
Let q(z) = -13*z**2 - 5*z - 1. Let u(g) = -15*g**2 - 6*g - 2. Let t(l) = -4*q(l) + 3*u(l). What is the remainder when 24 is divided by t(1)?
3
Suppose -457*j + 464*j = 1022. What is the remainder when 5546 is divided by j?
144
Suppose -12109*u = -12076*u - 50655. What is the remainder when u is divided by 29?
27
Let o(b) = 35*b**3 + 2*b - 18. Calculate the remainder when o(2) is divided by 93.
80
Suppose -i + 73 = 4*i + x, 5*i + 3*x = 79. Let t(q) be the second derivative of q**3/3 - 13*q**2 - 16*q. What is the remainder when 2 is divided by t(i)?
0
Calculate the remainder when ((-132)/9)/((-720)/(-27) - 27) is divided by ((-6)/4)/(3/(-32)).
12
Suppose 0 = 21*c - 4*c - 2856. Suppose -12 = 6*q - c. What is the remainder when q is divided by 41/7 + 19/133?
2
Let t = -957 + 1359. Let y = t - 385. What is the remainder when 233 is divided by y?
12
Let x(g) = g**3 + 11*g**2 - 13*g - 9. Let r be x(-12). Suppose -r*h - 240 = -h. Let o = h - -213. What is the remainder when o is divided by 32?
29
Let a(d) = -d**3 - 5*d**2 + d - 29. Let i be a(-6). Calculate the remainder when i*((3 - -85) + -1) is divided by 11.
10
Let q be (-12)/20 + 154/20*-2. Calculate the remainder when 192 + (-24)/q*(-10)/(-15) is divided by 44.
17
Let p = -8803 + 9092. What is the remainder when 2013 is divided by p?
279
Suppose 4*r - 4*l + 4 = 0, 2*r = 4*l - 5 - 7. Suppose 3*j - 93 = 2*w, j - 49 + 18 = r*w. Calculate the remainder when j is divided by 7.
3
Let j = -3163 - -3480. Calculate the remainder when j is divided by 23/1 + (-13 - -10).
17
Suppose -2*z = -4*c + 9 - 5, -5*c + z = -8. Suppose 3*h = n - 37, 3*n - h - 81 = -c*h. What is the remainder when n is divided by 18?
10
Let r be (-6)/4 + (-4 - (-14)/4). Let w(i) = 18*i**2 + 8*i + 10. What is the remainder when w(r) is divided by 35?
31
Suppose 12 = -u + 5*u. Suppose 0 = 2*j + 5*a - 26, 0 = u*a - 7 + 1. Let n = -984 - -1029. W